h?
3, 7, 17
Suppose 5*s = -3*i + 35, -8*s - 5 = -3*s - 5*i. Let z = 10 + -6. Suppose -4*g + 5*g - 1 = -5*t, z*t + s = 0. List the prime factors of g.
2, 3
Let j be (1/(-2))/(6 - (-98)/(-16)). Suppose j*c = 4*y + 832, 2*y + 1047 = 5*c + 4*y. What are the prime factors of c?
11, 19
Let r(m) = m + 16. Let j be r(-14). Let g(z) = 12*z**2 - z. List the prime factors of g(j).
2, 23
Let p(x) = x**3 + 7*x**2 - 9*x - 10. Let v(s) = s**2 - 8*s - 1. Let w be v(7). Let k be p(w). List the prime factors of (4/k)/((-1)/2).
2
Suppose -5*v + 335 = -6685. What are the prime factors of v?
2, 3, 13
Suppose 3*j + 5*d = 295, -6*j - 3*d = -11*j + 435. What are the prime factors of j?
2, 3, 5
Let t(a) = 9*a**2 + 55*a + 14. List the prime factors of t(-9).
2, 31
Let x = 4899 - 2538. What are the prime factors of x?
3, 787
Let n(g) = -48*g - 392. What are the prime factors of n(-22)?
2, 83
Let d(f) = -f**2 - 14*f + 15. Let k be d(-15). Suppose -3*g + k*a = 2*a - 74, -5*a = -3*g + 109. List the prime factors of g.
2, 7
Let j be 22/(-8) - 4/16. What are the prime factors of ((-292)/12 - j)*-3?
2
Suppose -8*y - 227 = -1115. What are the prime factors of y?
3, 37
Suppose -i + 445 = 111. Let j = 610 - i. List the prime factors of j.
2, 3, 23
Let a = 1562 + 1357. What are the prime factors of a?
3, 7, 139
Suppose 0 = -2*t + 4*n + 8, n + 52 = 5*t - n. Suppose p + p + 2 = 2*d, 4*p = t. List the prime factors of d.
2
What are the prime factors of 8 - (-993 - (-4 - -11))?
2, 3, 7
List the prime factors of (50 - 28) + (1 - 4).
19
Let l = -8 + -2. Let t = -8 - l. Suppose t*b = -2*g + 4*b + 70, 0 = -2*g + 5*b + 76. What are the prime factors of g?
3, 11
Let q be (51/34)/(6/8). List the prime factors of (q + -1)/((-2)/(-334)).
167
Let m = 6940 - 4903. What are the prime factors of m?
3, 7, 97
Let f = -31 + 49. Let l(m) = m**2 - 12*m - 39. What are the prime factors of l(f)?
3, 23
Let p = 6367 + -17591. Let g be p/(-22) + (-2)/11. List the prime factors of ((-1)/3)/((-5)/g).
2, 17
Let g = 98 + -93. Suppose i - j = 149 - 30, 3*i - 357 = g*j. What are the prime factors of i?
7, 17
Suppose 5*r - 126 = -3*o + 255, -r + 84 = -2*o. List the prime factors of r.
2, 3, 13
Let m(g) = -g**3 + 5*g**2 + 2*g + 5. Let l be m(-6). Suppose -4*v + 5*h + l = 0, -v + 0*h + 92 = 4*h. What are the prime factors of v?
2, 3
Let t be 3/3*-1 + (3 - 2). Suppose 4*v + 5*s - 4*s - 569 = t, 0 = -4*v + 2*s + 554. List the prime factors of v.
3, 47
Let b(k) = -2*k**2 + 72*k + 33. What are the prime factors of b(11)?
11, 53
Let m be ((-40)/12)/(-10) + 3319/(-3). List the prime factors of m/(-21)*9/6.
79
Let p(i) = 4*i**2 - 2*i - 1. Let t be p(2). Let g = t + -9. Suppose -3*y = 3*r - 0*y - 27, y + 12 = g*r. List the prime factors of r.
7
List the prime factors of -3 - ((-37917)/(-33))/(0 - 1).
2, 3, 191
Let f = -1 - -1. Suppose q - 5 + 1 = f. List the prime factors of (17 - q) + 1 + -2.
2, 3
Let b = 702 - 378. List the prime factors of b.
2, 3
Let r(s) = 8*s - 5. Suppose -3*x + 3 = -3. Suppose 0 = x*u + 2*u - 8. What are the prime factors of r(u)?
11
Suppose 20*s - 384 = 16*s. Suppose -3*m + 6*m - 12 = 0. Suppose -m*a + s = -32. What are the prime factors of a?
2
Suppose s = j + 3*j - 44, 3*j - 33 = s. Suppose 0 = -u + j + 1. What are the prime factors of u?
2, 3
Let s = 50 - 48. Suppose 0*a - 31 = -a + 4*y, -3*a + 163 = s*y. List the prime factors of a.
3, 17
Let g = -119 + 81. Let u be (-10)/(-15) - g/(-3). List the prime factors of (0 - u/(-8))*-8.
2, 3
Let c(m) = -m**3 - 10*m**2 - 23*m - 2. Let h be c(-7). Let t = 40 + h. What are the prime factors of t?
2, 13
Let n be ((-1)/1)/((-6)/(-12)). Let g be 3/3 - n*2. Suppose -g*v - 10 + 55 = 0. What are the prime factors of v?
3
Suppose 11*k - 7*k = -72. Let o be k/(-27)*(-42)/(-4). What are the prime factors of 131/o - 10/(-35)?
19
Suppose 0 = -2*x - 5*c + 954, 0 = -0*x + x + c - 480. List the prime factors of x.
2, 241
Suppose -13*h = -48*h + 1890. List the prime factors of h.
2, 3
Let u = -296 - -685. What are the prime factors of u?
389
List the prime factors of (45/(-12))/((-1)/508).
3, 5, 127
Let m = 104 - 100. List the prime factors of -1 - ((-813)/(-6))/(m/(-8)).
2, 3, 5
Let s(w) = -2*w**3 - 7*w**2 - 48*w - 36. List the prime factors of s(-11).
3, 769
Let n be ((28/6)/2)/(23/2001). Let u = n - 71. What are the prime factors of u?
2, 3, 11
Let t = -70 - -7. Let c = 90 + t. List the prime factors of c.
3
Suppose -8 = 15*w - 11*w. What are the prime factors of (-1 - w)/((-6)/(-66))?
11
Suppose -5*h + 36 = -39. Suppose 0 = 3*i - h - 18. List the prime factors of i.
11
Let i(h) = -h**3 + h**2 - h - 1. Let y(z) = -7*z**3 - 2*z**2 - 6*z - 6. Let t(s) = -3*i(s) + y(s). List the prime factors of t(-3).
3, 23
Let h be 8/(-6) + (-48)/(-9). Suppose -h*b - b - a = -561, -3*b + 3*a = -333. List the prime factors of b.
2, 7
Let p(m) = m**3 - 7*m**2 - 5*m - 1. Let c be p(8). What are the prime factors of c/6 + -4 + 75/18?
2
Suppose -3*x + 38 - 10 = -w, 16 = -4*w. Let p = x + -14. Let n = 21 - p. List the prime factors of n.
3
Let x(n) = -2*n**2 - 12*n - 16. Let p be x(-5). List the prime factors of (-4368)/36*p/4.
2, 7, 13
Let q be 4/22 + 46/(-11). List the prime factors of (4 - -22 - -4) + q.
2, 13
Suppose -4*v - 5*u + 805 = 0, -1077 = -5*v + 2*u - 79. What are the prime factors of v?
2, 5
Let j be 11 + (-4 - (-1 + -2)). Suppose -7*q = -j*q + 168. List the prime factors of q.
2, 7
Let s be (-10)/(-15)*27/2. List the prime factors of (3/s)/(7/252).
2, 3
Suppose 7*u - 12*u + 255 = 0. List the prime factors of u.
3, 17
Suppose -3*p + 4*p = 4. Suppose 3*o - 134 = p*c, c = -o - 3*c + 34. Suppose 0*g - o = -2*g. What are the prime factors of g?
3, 7
Let c = -1205 + 5251. List the prime factors of c.
2, 7, 17
Suppose -5*u - 8 = -u. List the prime factors of 3/u + 285/6.
2, 23
Let b = -17 - -10. Let z(s) be the first derivative of -s**3/3 - 5*s**2 + 2*s + 4. What are the prime factors of z(b)?
23
Suppose -3*f + 1275 = -8*f. Let t = 395 + f. Suppose -2*b - 175 = 3*y - 8*y, -5*b = -4*y + t. List the prime factors of y.
5, 7
Let n be 2*220/8 - 3. Suppose -8*b + 3*w = -6*b - n, 3*b + w = 56. What are the prime factors of b?
2, 5
Let v = 823 + -98. Suppose 3*d + 107 - v = 0. Suppose 4*a + c - d = 29, -231 = -4*a - 5*c. List the prime factors of a.
59
Let i = 2544 - 1536. List the prime factors of i.
2, 3, 7
Let u = -80 - -53. List the prime factors of -28 - -26 - u*1.
5
Suppose -8*c = -28 + 308. Let r = c - -169. What are the prime factors of r?
2, 67
Suppose 4*n - 8 = 0, 2872 + 2500 = 4*c + 4*n. What are the prime factors of c?
3, 149
Suppose -z + p = 1 - 3, 4*z - 14 = -2*p. Suppose 10*o - z*o = 406. What are the prime factors of o?
2, 29
Suppose 10 = -0*p - 5*p. Let z be -4 + 32 + p/(-2). Let d = 47 - z. What are the prime factors of d?
2, 3
Suppose -4*b = -b + 12. Let r(p) = -p**3 + 14*p**2 + p - 12. Let g be r(14). What are the prime factors of (b/6)/(g/(-21))?
7
Let m(l) = -l**3 + 3*l**2 - l. Let g be m(2). List the prime factors of -276*((-10)/(-6) - g).
2, 23
Let c = 7 + -3. Suppose 4*a = -8*k + 3*k + 311, 3*k - c*a = 193. What are the prime factors of k?
3, 7
Suppose 42 = 3*f + 141. Suppose 0*c + 3*c = 168. Let n = c + f. What are the prime factors of n?
23
Let a = -3301 - -5294. List the prime factors of a.
1993
Let i = 512 - 492. Suppose 3*m + 8 = -m. List the prime factors of (-65)/m + 10/i.
3, 11
Suppose 0 = -0*w - 2*w + 14. Let k(v) = 4*v**2 - 4*v - 3. Let x(z) = 12*z**2 - 13*z - 8. Let i(g) = w*k(g) - 2*x(g). What are the prime factors of i(3)?
5
Let b(o) = -o - 2. Let q be -39*((-20)/(-12) + -2). Suppose -q = 4*f + 15. List the prime factors of b(f).
5
Let q(u) = 722*u**3 - 2*u**2 + 5*u - 3. List the prime factors of q(1).
2, 19
List the prime factors of ((-1356)/36)/((-2)/(-3))*-4.
2, 113
Let x(v) = 4*v**2 + 39. Let j(z) = -z**2 - z. Let y(m) = -5*j(m) - x(m). What are the prime factors of y(-11)?
3
Suppose -266 = -14*k + 13*k. List the prime factors of k.
2, 7, 19
Let p(u) = -u**3 + 12*u**2 - 12*u + 15. Let d be p(11). Suppose 4*l = d*h + 296, -5*l = 5*h - 373 - 47. List the prime factors of l.
79
Let t = -11 + 14. Suppose 0*s - 2 = 2*s - t*l, -l = -2. Suppose 3*c - 16 = s*c. What are the prime factors of c?
2
Let v(t) be the first derivative of 10/3*t**3 + 21*t + 1